{"id":1493,"date":"2025-07-27T22:09:24","date_gmt":"2025-07-27T20:09:24","guid":{"rendered":"https:\/\/cjl-saintchamas.com\/?page_id=1493"},"modified":"2025-07-27T22:31:16","modified_gmt":"2025-07-27T20:31:16","slug":"gravure-sur-lino","status":"publish","type":"page","link":"https:\/\/cjl-saintchamas.com\/?page_id=1493","title":{"rendered":"Gravure sur Lino"},"content":{"rendered":"\n<p class=\"has-medium-font-size\">Le CJL AIL propose un <strong>stage de gravure sur lino<\/strong> durant les premi\u00e8res semaines de chaque vacances scolaires (octobre, f\u00e9vrier, avril).<\/p>\n\n\n\n<p class=\"has-medium-font-size\">Ce stage, d\u2019une dur\u00e9e de 2 \u00e0 3 jours (dates \u00e0 d\u00e9finir), est une excellente occasion de d\u00e9couvrir ou approfondir cette technique artistique originale et cr\u00e9ative.<\/p>\n\n\n\n<hr class=\"wp-block-separator has-alpha-channel-opacity\"\/>\n\n\n\n<p class=\"has-medium-font-size\">\ud83d\udcc5 <strong>Vacances concern\u00e9es<\/strong> : octobre, f\u00e9vrier, avril<br>\ud83d\udce7 <strong>Plus d\u2019infos et inscriptions<\/strong> : <a>franckpierreclaude@gmail.com<\/a><\/p>\n\n\n\n<hr class=\"wp-block-separator has-alpha-channel-opacity\"\/>\n\n\n\n<details class=\"wp-block-details has-medium-font-size is-layout-flow wp-block-details-is-layout-flow\" open><summary>Derniers articles<\/summary><ul class=\"wp-block-latest-posts__list has-link-color wp-elements-5a98c9590e17ea351d8b0fd258c7cfc5 wp-block-latest-posts has-text-color has-black-color\"><li><a class=\"wp-block-latest-posts__post-title\" href=\"https:\/\/cjl-saintchamas.com\/?p=1555\">Nouvelles sections<\/a><\/li>\n<li><a class=\"wp-block-latest-posts__post-title\" href=\"https:\/\/cjl-saintchamas.com\/?p=1468\">Stage de Gravure sur Lino\ud83d\udd8c\ufe0f<\/a><\/li>\n<\/ul><\/details>\n","protected":false},"excerpt":{"rendered":"<p>Le CJL AIL propose un stage de gravure sur lino durant les premi\u00e8res semaines de chaque vacances scolaires (octobre, f\u00e9vrier, &hellip; <a href=\"https:\/\/cjl-saintchamas.com\/?page_id=1493\" class=\"more-link\">Continue reading <span class=\"screen-reader-text\">Gravure sur Lino<\/span><\/a><\/p>\n","protected":false},"author":1,"featured_media":0,"parent":1177,"menu_order":0,"comment_status":"closed","ping_status":"closed","template":"","meta":{"footnotes":""},"class_list":["post-1493","page","type-page","status-publish","hentry"],"_links":{"self":[{"href":"https:\/\/cjl-saintchamas.com\/index.php?rest_route=\/wp\/v2\/pages\/1493","targetHints":{"allow":["GET"]}}],"collection":[{"href":"https:\/\/cjl-saintchamas.com\/index.php?rest_route=\/wp\/v2\/pages"}],"about":[{"href":"https:\/\/cjl-saintchamas.com\/index.php?rest_route=\/wp\/v2\/types\/page"}],"author":[{"embeddable":true,"href":"https:\/\/cjl-saintchamas.com\/index.php?rest_route=\/wp\/v2\/users\/1"}],"replies":[{"embeddable":true,"href":"https:\/\/cjl-saintchamas.com\/index.php?rest_route=%2Fwp%2Fv2%2Fcomments&post=1493"}],"version-history":[{"count":4,"href":"https:\/\/cjl-saintchamas.com\/index.php?rest_route=\/wp\/v2\/pages\/1493\/revisions"}],"predecessor-version":[{"id":1503,"href":"https:\/\/cjl-saintchamas.com\/index.php?rest_route=\/wp\/v2\/pages\/1493\/revisions\/1503"}],"up":[{"embeddable":true,"href":"https:\/\/cjl-saintchamas.com\/index.php?rest_route=\/wp\/v2\/pages\/1177"}],"wp:attachment":[{"href":"https:\/\/cjl-saintchamas.com\/index.php?rest_route=%2Fwp%2Fv2%2Fmedia&parent=1493"}],"curies":[{"name":"wp","href":"https:\/\/api.w.org\/{rel}","templated":true}]}}